{"id":194,"date":"2023-10-17T11:32:48","date_gmt":"2023-10-17T09:32:48","guid":{"rendered":"http:\/\/www.pixelweise.xyz\/fichtenbauer-mold.at\/?post_type=product&#038;p=194"},"modified":"2023-11-23T08:07:03","modified_gmt":"2023-11-23T07:07:03","slug":"donau-veltliner","status":"publish","type":"product","link":"https:\/\/www.pixelweise.xyz\/fichtenbauer-mold.at\/produkt\/donau-veltliner\/","title":{"rendered":"<strong>DONAU VELTLINER<\/strong>"},"content":{"rendered":"<p>Der in \u00d6sterreich neu gez\u00fcchtete Donau Veltliner ist ein Kind von Gr\u00fcnem Veltliner und Seyval blanc. Wir waren neugierig auf diese junge, pilzwiderstandsf\u00e4hige Sorte. 2018 ausgepflanzt, ist der Donau Veltliner ein gro\u00dfartiger, ausgewogener Wein geworden. \u00dcber das zarte pfeffrig-w\u00fcrzige Aroma der Muttersorte Gr\u00fcner Veltliner legt sich eine deutliche Fruchtigkeit \u2013 der Jahrgang 2022 hat intensive Birnennoten. Ein spannender Wein, der bei optimalen Bedingungen nicht nur ohne Pflanzenschutz auskommt, sondern auch ein ganz neues Trinkerlebnis ins Glas bringt.<\/p>\n","protected":false},"excerpt":{"rendered":"<p>Der in \u00d6sterreich neu gez\u00fcchtete Donau Veltliner ist ein Kind von Gr\u00fcnem Veltliner und Seyval blanc. Wir waren neugierig auf [&hellip;]<\/p>\n","protected":false},"featured_media":195,"comment_status":"open","ping_status":"closed","template":"","meta":[],"product_cat":[24],"product_tag":[],"class_list":["post-194","product","type-product","status-publish","has-post-thumbnail","hentry","product_cat-vielfalt"],"acf":[],"_links":{"self":[{"href":"https:\/\/www.pixelweise.xyz\/fichtenbauer-mold.at\/wp-json\/wp\/v2\/product\/194","targetHints":{"allow":["GET"]}}],"collection":[{"href":"https:\/\/www.pixelweise.xyz\/fichtenbauer-mold.at\/wp-json\/wp\/v2\/product"}],"about":[{"href":"https:\/\/www.pixelweise.xyz\/fichtenbauer-mold.at\/wp-json\/wp\/v2\/types\/product"}],"replies":[{"embeddable":true,"href":"https:\/\/www.pixelweise.xyz\/fichtenbauer-mold.at\/wp-json\/wp\/v2\/comments?post=194"}],"wp:featuredmedia":[{"embeddable":true,"href":"https:\/\/www.pixelweise.xyz\/fichtenbauer-mold.at\/wp-json\/wp\/v2\/media\/195"}],"wp:attachment":[{"href":"https:\/\/www.pixelweise.xyz\/fichtenbauer-mold.at\/wp-json\/wp\/v2\/media?parent=194"}],"wp:term":[{"taxonomy":"product_cat","embeddable":true,"href":"https:\/\/www.pixelweise.xyz\/fichtenbauer-mold.at\/wp-json\/wp\/v2\/product_cat?post=194"},{"taxonomy":"product_tag","embeddable":true,"href":"https:\/\/www.pixelweise.xyz\/fichtenbauer-mold.at\/wp-json\/wp\/v2\/product_tag?post=194"}],"curies":[{"name":"wp","href":"https:\/\/api.w.org\/{rel}","templated":true}]}}